t c be d(-7). Let o = -201 + c. Let t = -63 - o. Let n(a) = a**2 + 5*a. Determine n(t).
0
Let y(j) = 16*j**2 - 21*j + 33. Let w(l) = -7*l**2 + 10*l - 16. Let d(g) = -9*w(g) - 4*y(g). Let m = 191 - 200. Calculate d(m).
-15
Let i = -6002 - -6005. Let z(v) be the third derivative of -1/15*v**5 - 18*v**2 + 0 + 0*v + 1/6*v**i + 0*v**4. Calculate z(-1).
-3
Let p(r) be the first derivative of -r**2/2 - 6*r + 5. Let t(f) be the second derivative of f**5/20 - f**4/4 - f**3/6 - 32*f. Let k be t(0). Determine p(k).
-6
Let t(a) = a + 84. Let p(z) = -8*z - 325. Let b(r) = p(r) + 4*t(r). Calculate b(6).
-13
Let a(d) be the first derivative of d**2/2 + 6*d - 6. Suppose 0 = 40*p + 6810 - 6650. Give a(p).
2
Let x(d) = -3*d**2 - 7*d - 3. Let a(u) = u**2 - 1. Let o(k) = 2*a(k) + x(k). Let n be o(-6). Let r(f) = 7*f + 14 + f**3 - 3 - n + 8*f**2. Give r(-7).
10
Let m be 0*((-1)/2 + 1) - 3/(-1). Let g(t) = 10*t**2 - 28*t + 1. Give g(m).
7
Let m(s) be the first derivative of 0*s - 2/3*s**3 + 1/2*s**2 + 49. Calculate m(-1).
-3
Let r(s) be the first derivative of -1/6*s**3 + 7/12*s**4 + 0*s - 8 - 37/2*s**2. Let d(v) be the second derivative of r(v). Give d(-1).
-15
Let w(h) = -h**2 - 8*h + 86. Let y(s) = -148*s + 598. Let i be y(4). Determine w(i).
2
Let c(w) = -4*w + 1. Let d(m) = -11*m + 3. Let q(b) = 8*c(b) - 3*d(b). Let k(a) = -a**2 + 7*a - 11. Let j(o) = k(o) + 4*q(o). Let p = 539 - 529. Determine j(p).
-5
Let l(a) = a + 7. Let w = -22 + 70. Suppose -25 = -w*y + 47*y. Suppose 5*m - y = 0, -2*d - 5 = 2*d - 5*m. Give l(d).
12
Let f(a) = 10*a - 428. Let y(g) = -4*g + 137. Let u(d) = 2*f(d) + 7*y(d). Give u(14).
-9
Let o(s) be the first derivative of -s**3 + s**2/2 + s + 5935. Give o(0).
1
Let y(n) = -n**3 - 7*n**2 + 3*n - 13. Let v(g) = -828*g - 1 - 1 + 829*g - 1 + 1. Let c(w) = -5*v(w) + y(w). What is c(-7)?
11
Let s(a) be the first derivative of a**2/2 - 4*a - 732. Determine s(5).
1
Let u(f) = f**3 - 23*f**2 + 6*f - 136. Let o be ((-138)/12)/((-105)/(-10) + -11). Calculate u(o).
2
Let q(p) = -30*p**2 + 124*p + 21. Let w(u) = -19*u**2 + 83*u + 14. Let t(o) = 5*q(o) - 8*w(o). Give t(22).
-7
Let s(g) = -g - 3. Let a(b) = -b - 2. Suppose -4*m = 2*n + 8, 3*n = 3 - 15. Suppose 0 = 3*u - m*u - 9. Let h(y) = u*a(y) - 2*s(y). What is h(-7)?
7
Let c(b) = -7*b - 106. Suppose s + 35 = 3*r, 2*s - 18 + 60 = 2*r. Give c(s).
-8
Let j = -18056 + 18050. Let l(d) = d**3 + 4*d**2 - 20*d - 15. What is l(j)?
33
Let v(c) = 0*c**2 + c**2 - 1 - 5*c + 5. Let b(u) = -u**3 + 31*u**2 + 147*u - 240. Let q be b(35). Determine v(q).
4
Let x(l) be the first derivative of l**3 + 14*l**2 - 64*l - 1663. What is x(-11)?
-9
Let p(i) = i**3 + 3*i**2 + 3*i + 2. Let x = 332 - 468. Let t = x + 133. Give p(t).
-7
Let t(a) be the second derivative of 9*a**5/5 - a**3/3 + a**2/2 + 725*a. Determine t(1).
35
Let v(k) be the second derivative of -k**3/3 + 7*k**2/2 - 6*k. Suppose -6*u = -29*u - 69. Determine v(u).
13
Let w(x) = 33 - 5 + 0*x**2 - 28 + x**2. Let r(k) = -7*k**2 + 8*k + 5. Let h(v) = -r(v) - 6*w(v). Determine h(7).
-12
Let i(t) = 30*t + 18. Let x = -23972 + 23973. What is i(x)?
48
Let x(g) = -g**2 - 18*g + 14. Let s(t) = -4*t**2 - 70*t + 54. Let u(m) = 6*s(m) - 23*x(m). What is u(-5)?
7
Let m = 34524 + -34533. Let o(r) = -r**3 - r**2 - r + 1. Let f(d) = -5*d**3 - 12*d**2 + 6*d + 16. Let u(s) = -f(s) + 4*o(s). What is u(m)?
-3
Let z(h) = -7 + 3 - 5*h**3 + h**2 + 9*h - 12*h**2. Let l(w) = -w**3 - w**2 + w - 1. Let r(a) = -6*l(a) + z(a). Suppose -5*f = -20*f + 75. What is r(f)?
17
Let s(r) = -10*r - 6. Let t be (8/(-16))/((-6)/(-84)). Calculate s(t).
64
Let w(c) be the second derivative of -35*c**3/6 + 19*c**2 - 5*c + 276. Determine w(1).
3
Let s(t) = -10*t + 27. Suppose -5*o = -3*x - 14, -30 + 2 = x - 5*o. Give s(x).
-43
Let v = 2828 - 2825. Let x(f) = -f**3 + 4*f**2 - f - 6. What is x(v)?
0
Let r be (1 - 4)*12971/(-2289). Let f(t) = -16*t + 271. What is f(r)?
-1
Let z(q) = q**3 + 47*q - 4. Let y(g) = -2*g**3 - 99*g + 8. Let n(b) = 9*y(b) + 19*z(b). What is n(3)?
29
Let j = -105 + 36. Let x = -61 - j. Let m(s) be the third derivative of -s**4/12 + s**3 + 20*s**2 - s. Give m(x).
-10
Let l be (231/66)/((-1)/(-4)). Let g(n) be the third derivative of -1/3*n**3 + 0 + 0*n + l*n**2 - 1/60*n**5 + 5/24*n**4. Give g(5).
-2
Let a(w) be the first derivative of w**4/2 - 2*w**3/3 + w**2/2 + 2*w + 19. Suppose s - 14 = -4*i, -i = -s + 2 - 3. Give a(s).
12
Let j(s) = -s**3 + 11*s**2 + 2*s - 22. Let u be j(11). Let b(n) = 3 + 3 - 4 + 7 + u + n. Give b(-11).
-2
Let k(j) = 35*j**2 + 366*j + 117. Let a(d) = 9*d**2 + 92*d + 28. Let t(r) = 23*a(r) - 6*k(r). What is t(-26)?
-6
Let t(m) = -2*m**3 - m**2 + 1. Suppose 3*f = -181*r + 179*r - 1, 4*r + 4*f = -4. What is t(r)?
13
Suppose -2*a + 26 - 22 = 0. Let c(s) be the second derivative of -3*s**3/2 - s**2 - 99*s. Give c(a).
-20
Let p = -26600 - -26613. Let v(x) = x**2 - 12*x - 28. Calculate v(p).
-15
Let q(l) = -6*l**3 + 3*l**2 - 4*l. Let x(b) = -5*b + 87. Let z be x(17). Calculate q(z).
-44
Let o(z) = 19 - 36 + 16 + 5*z. Let f be 15/(-15) - (1 + -3). What is o(f)?
4
Let o(g) = -g + 1. Suppose 3*x - 466 = -5*u, 0 = -6*x + x + 10. Let t = u - 99. Determine o(t).
8
Let t = -849 - -842. Let d be t - 0/7 - -5. Let v(l) = -l**3 - 2*l**2 + 2*l + 3. Determine v(d).
-1
Let z(i) = 4810 - 12*i - 2415 - 2412. Calculate z(-2).
7
Let m(y) = 10*y + 1. Let o(h) = -2*h**2 + 11*h - 13. Suppose 6*l + 163 = 181. Let v be o(l). What is m(v)?
21
Let p(q) = -93*q + 15. Let d be p(0). Let m(g) = g - 11. Determine m(d).
4
Let c = -30 - -36. Let t be (0/3 + c)/((-4)/34). Let l = t + 56. Let m(a) = a**2 - 3*a + 6. What is m(l)?
16
Let b = -410 - -413. Let v(o) = 3*o + 18. Let u(s) = -2*s - 11. Let j(w) = b*v(w) + 5*u(w). Let d be 1 - 1/(-1) - 9. Determine j(d).
6
Suppose -3*c = -4*z + 15, 2*z = 8*c - 3*c + 11. Suppose -252 - 363 = -3*r + 4*s, -4*r + 813 = -3*s. Let p(o) = -127 + o**3 - 202*o**2 + 128 + r*o**2. Give p(c).
-1
Let v(m) = -m**2 + m + 85. Let o = -20083 + 20093. What is v(o)?
-5
Suppose -63*v - 76 + 316 = -23*v. Let h(m) = m**2 - 11*m + 27. Give h(v).
-3
Let w be ((-15)/(-9) - (-16)/12)/(-3). Let y(q) be the third derivative of 0*q**3 - 9*q**2 + 1/24*q**4 + 0*q - 19/60*q**5 + 0. Give y(w).
-20
Let n(h) = -13*h**3 - 21*h**2 + 18*h - 19. Let i(k) = 2426*k + 8*k**3 - 2432*k + 7*k**2 + 6 - 3*k**3. Let w(g) = 8*i(g) + 3*n(g). Calculate w(6).
-9
Suppose -10277*s + 10285*s + 16 = 0. Suppose -2*j - 4*f + 18 = 0, -2*f = 2*j - f - 9. Let x(p) = p**2 + p**3 + 2*p**3 - 2*p**3 + 0*p**j + 2 + 2*p. What is x(s)?
-6
Let i(m) be the third derivative of 1/120*m**6 + 1/15*m**5 - 1/6*m**4 + m**2 - 22 + 2*m**3 + 0*m. Determine i(-5).
7
Suppose 560 = -112*b - 373 + 261. Let w(p) = 0 + 3*p - 1 + 0*p. Calculate w(b).
-19
Let c(p) be the second derivative of 14 - 1/2*p**3 + 3/2*p**2 + 2*p. Calculate c(8).
-21
Let v(l) be the first derivative of l**3/6 - 2*l**2 - 15*l - 21. Let m(y) be the first derivative of v(y). Suppose -4*a - 16 = -44. Give m(a).
3
Suppose 77 = 3*n - o, -2*o - 45 + 66 = n. Suppose -4*m - n = 5*p - 10*p, 20 = 4*m. Let q(j) = -j**2 + 9*j - 3. Give q(p).
-3
Let i(f) be the second derivative of -f**5/20 + 5*f**4/4 - 11*f**3/3 + 13*f**2/2 - 1634*f. What is i(14)?
-99
Let l(x) be the third derivative of -x**6/120 + x**5/30 + x**4/8 + x**3/6 - 63*x**2 + 127*x. Suppose f - 2 = -5*c + 5*f, f + 5 = -c. Determine l(c).
11
Let h(v) = 3*v**2 - 10 + 20*v - 6*v**2 - 8. Let x(k) = k**2 - 7*k + 6. Let y(c) = 2*h(c) + 7*x(c). What is y(7)?
-8
Let p(q) = 2 - 38*q - 48*q + 4 + 120*q - 42*q. Determine p(3).
-18
Let g(q) be the third derivative of -13*q**4/4 - q**3/3 + 2*q**2 - 57*q - 18. Give g(-1).
76
Let x(r) = r**3 - 4*r**2 - 5*r - 2. Let m be 4 + 80/(-4) + 4*-1. Let f be (m/6)/1*6/5. Let i be (-75)/(-5)*(f/(-3))/4. Determine x(i).
-2
Let k(o) = o**2 - 9*o + 13. Let w(f) = -2 + 11 - 6*f - 12. Let v be w(-1). Suppose -37 = -3*g - 2*i, -4*g + g + v*i = -12. What is k(g)?
13
Let x(l) = l**2 + 5*l - 10. Let g be x(-7). Let c(w) be the third derivative of -1/60*w**5 + 0 + 5/24*w**4 + 1/2*w**3 + 105*w**2 + 0*w. Calculate c(g).
7
Suppose -417*j + 248 = 696 - 2533. Let i(a) = a**3 - 6*a**2 + 3*a - 8. Determine i(j).
-18
Let u(g) be the first derivative of -55 - 2*g - 5*g**2 + 4*g**2 - 37 + 33. Determine u(5).
-12
Le